[INFO] cloning repository https://github.com/PaulFidika/spl-token-test
[INFO] running `Command { std: "git" "-c" "credential.helper=" "-c" "credential.helper=/workspace/cargo-home/bin/git-credential-null" "clone" "--bare" "https://github.com/PaulFidika/spl-token-test" "/workspace/cache/git-repos/https%3A%2F%2Fgithub.com%2FPaulFidika%2Fspl-token-test", kill_on_drop: false }`
[INFO] [stderr] Cloning into bare repository '/workspace/cache/git-repos/https%3A%2F%2Fgithub.com%2FPaulFidika%2Fspl-token-test'...
[INFO] running `Command { std: "git" "rev-parse" "HEAD", kill_on_drop: false }`
[INFO] [stdout] c616db83c437ae7431509fd66eb9458eb247f7fb
[INFO] checking PaulFidika/spl-token-test against master#e6e4f7ed1589e03bc2f6c5931c1a72e7947e8682 for beta-170-4
[INFO] running `Command { std: "git" "clone" "/workspace/cache/git-repos/https%3A%2F%2Fgithub.com%2FPaulFidika%2Fspl-token-test" "/workspace/builds/worker-2-tc2/source", kill_on_drop: false }`
[INFO] [stderr] Cloning into '/workspace/builds/worker-2-tc2/source'...
[INFO] [stderr] done.
[INFO] validating manifest of git repo https://github.com/PaulFidika/spl-token-test on toolchain e6e4f7ed1589e03bc2f6c5931c1a72e7947e8682
[INFO] running `Command { std: CARGO_HOME="/workspace/cargo-home" RUSTUP_HOME="/workspace/rustup-home" "/workspace/cargo-home/bin/cargo" "+e6e4f7ed1589e03bc2f6c5931c1a72e7947e8682" "metadata" "--manifest-path" "Cargo.toml" "--no-deps", kill_on_drop: false }`
[INFO] started tweaking git repo https://github.com/PaulFidika/spl-token-test
[INFO] finished tweaking git repo https://github.com/PaulFidika/spl-token-test
[INFO] tweaked toml for git repo https://github.com/PaulFidika/spl-token-test written to /workspace/builds/worker-2-tc2/source/Cargo.toml
[INFO] crate git repo https://github.com/PaulFidika/spl-token-test already has a lockfile, it will not be regenerated
[INFO] running `Command { std: CARGO_HOME="/workspace/cargo-home" RUSTUP_HOME="/workspace/rustup-home" "/workspace/cargo-home/bin/cargo" "+e6e4f7ed1589e03bc2f6c5931c1a72e7947e8682" "fetch" "--manifest-path" "Cargo.toml", kill_on_drop: false }`
[INFO] running `Command { std: "docker" "create" "-v" "/var/lib/crater-agent-workspace/builds/worker-2-tc2/target:/opt/rustwide/target:rw,Z" "-v" "/var/lib/crater-agent-workspace/builds/worker-2-tc2/source:/opt/rustwide/workdir:ro,Z" "-v" "/var/lib/crater-agent-workspace/cargo-home:/opt/rustwide/cargo-home:ro,Z" "-v" "/var/lib/crater-agent-workspace/rustup-home:/opt/rustwide/rustup-home:ro,Z" "-e" "SOURCE_DIR=/opt/rustwide/workdir" "-e" "CARGO_TARGET_DIR=/opt/rustwide/target" "-e" "CARGO_HOME=/opt/rustwide/cargo-home" "-e" "RUSTUP_HOME=/opt/rustwide/rustup-home" "-w" "/opt/rustwide/workdir" "-m" "1610612736" "--user" "0:0" "--network" "none" "ghcr.io/rust-lang/crates-build-env/linux@sha256:19e73879b68f455e41552ea35293514db52ea292d993f571636dbffedb77a1ee" "/opt/rustwide/cargo-home/bin/cargo" "+e6e4f7ed1589e03bc2f6c5931c1a72e7947e8682" "metadata" "--no-deps" "--format-version=1", kill_on_drop: false }`
[INFO] [stdout] b676e1bee81552df7ddaf9f7285ea37fe293a59a080a172a299663cb5c18bbe3
[INFO] running `Command { std: "docker" "start" "-a" "b676e1bee81552df7ddaf9f7285ea37fe293a59a080a172a299663cb5c18bbe3", kill_on_drop: false }`
[INFO] running `Command { std: "docker" "inspect" "b676e1bee81552df7ddaf9f7285ea37fe293a59a080a172a299663cb5c18bbe3", kill_on_drop: false }`
[INFO] running `Command { std: "docker" "rm" "-f" "b676e1bee81552df7ddaf9f7285ea37fe293a59a080a172a299663cb5c18bbe3", kill_on_drop: false }`
[INFO] [stdout] b676e1bee81552df7ddaf9f7285ea37fe293a59a080a172a299663cb5c18bbe3
[INFO] running `Command { std: "docker" "create" "-v" "/var/lib/crater-agent-workspace/builds/worker-2-tc2/target:/opt/rustwide/target:rw,Z" "-v" "/var/lib/crater-agent-workspace/builds/worker-2-tc2/source:/opt/rustwide/workdir:ro,Z" "-v" "/var/lib/crater-agent-workspace/cargo-home:/opt/rustwide/cargo-home:ro,Z" "-v" "/var/lib/crater-agent-workspace/rustup-home:/opt/rustwide/rustup-home:ro,Z" "-e" "SOURCE_DIR=/opt/rustwide/workdir" "-e" "CARGO_TARGET_DIR=/opt/rustwide/target" "-e" "CARGO_INCREMENTAL=0" "-e" "RUST_BACKTRACE=full" "-e" "RUSTFLAGS=--cap-lints=forbid" "-e" "RUSTDOCFLAGS=--cap-lints=forbid" "-e" "CARGO_HOME=/opt/rustwide/cargo-home" "-e" "RUSTUP_HOME=/opt/rustwide/rustup-home" "-w" "/opt/rustwide/workdir" "-m" "1610612736" "--user" "0:0" "--network" "none" "ghcr.io/rust-lang/crates-build-env/linux@sha256:19e73879b68f455e41552ea35293514db52ea292d993f571636dbffedb77a1ee" "/opt/rustwide/cargo-home/bin/cargo" "+e6e4f7ed1589e03bc2f6c5931c1a72e7947e8682" "check" "--frozen" "--all" "--all-targets" "--message-format=json", kill_on_drop: false }`
[INFO] [stdout] ce99c4d4d5af4254537621dca614eef3ea0f9031a24e37f7ddc6029ab5c38480
[INFO] running `Command { std: "docker" "start" "-a" "ce99c4d4d5af4254537621dca614eef3ea0f9031a24e37f7ddc6029ab5c38480", kill_on_drop: false }`
[INFO] [stderr]    Compiling proc-macro2 v1.0.36
[INFO] [stderr]    Compiling unicode-xid v0.2.2
[INFO] [stderr]    Compiling libc v0.2.124
[INFO] [stderr]    Compiling syn v1.0.91
[INFO] [stderr]     Checking cfg-if v1.0.0
[INFO] [stderr]    Compiling version_check v0.9.3
[INFO] [stderr]    Compiling serde_derive v1.0.136
[INFO] [stderr]    Compiling serde v1.0.136
[INFO] [stderr]    Compiling autocfg v1.1.0
[INFO] [stderr]    Compiling log v0.4.14
[INFO] [stderr]     Checking once_cell v1.9.0
[INFO] [stderr]     Checking lazy_static v1.4.0
[INFO] [stderr]    Compiling typenum v1.15.0
[INFO] [stderr]     Checking scopeguard v1.1.0
[INFO] [stderr]    Compiling crossbeam-utils v0.8.5
[INFO] [stderr]    Compiling crossbeam-epoch v0.9.5
[INFO] [stderr]    Compiling rayon-core v1.9.2
[INFO] [stderr]    Compiling memchr v2.4.1
[INFO] [stderr]    Compiling semver v1.0.7
[INFO] [stderr]     Checking ppv-lite86 v0.2.15
[INFO] [stderr]     Checking either v1.6.1
[INFO] [stderr]     Checking subtle v2.4.1
[INFO] [stderr]    Compiling getrandom v0.1.16
[INFO] [stderr]     Checking bitflags v1.3.2
[INFO] [stderr]     Checking base64 v0.13.0
[INFO] [stderr]    Compiling generic-array v0.14.5
[INFO] [stderr]    Compiling ahash v0.7.6
[INFO] [stderr]     Checking byteorder v1.4.3
[INFO] [stderr]     Checking cpufeatures v0.2.1
[INFO] [stderr]    Compiling memoffset v0.6.5
[INFO] [stderr]    Compiling rayon v1.5.2
[INFO] [stderr]    Compiling num-traits v0.2.14
[INFO] [stderr]     Checking crossbeam-channel v0.5.1
[INFO] [stderr]    Compiling crunchy v0.2.2
[INFO] [stderr]     Checking opaque-debug v0.3.0
[INFO] [stderr]     Checking block-padding v0.2.1
[INFO] [stderr]    Compiling wasm-bindgen-shared v0.2.80
[INFO] [stderr]    Compiling feature-probe v0.1.1
[INFO] [stderr]    Compiling bumpalo v3.8.0
[INFO] [stderr]    Compiling im v15.0.0
[INFO] [stderr]    Compiling rustc_version v0.4.0
[INFO] [stderr]    Compiling quote v1.0.14
[INFO] [stderr]    Compiling bv v0.11.1
[INFO] [stderr]    Compiling rustversion v1.0.6
[INFO] [stderr]     Checking keccak v0.1.0
[INFO] [stderr]     Checking arrayref v0.3.6
[INFO] [stderr]    Compiling wasm-bindgen v0.2.80
[INFO] [stderr]     Checking crossbeam-deque v0.8.1
[INFO] [stderr]    Compiling bs58 v0.4.0
[INFO] [stderr]     Checking arrayvec v0.7.2
[INFO] [stderr]    Compiling solana-frozen-abi-macro v1.10.8
[INFO] [stderr]    Compiling solana-frozen-abi v1.10.8
[INFO] [stderr]    Compiling solana-program v1.10.8
[INFO] [stderr]     Checking base64 v0.12.3
[INFO] [stderr]     Checking constant_time_eq v0.1.5
[INFO] [stderr]     Checking itertools v0.10.3
[INFO] [stderr]     Checking itoa v1.0.1
[INFO] [stderr]     Checking fnv v1.0.7
[INFO] [stderr]     Checking pin-project-lite v0.2.7
[INFO] [stderr]     Checking smallvec v1.7.0
[INFO] [stderr]     Checking lock_api v0.4.6
[INFO] [stderr]     Checking ryu v1.0.9
[INFO] [stderr]    Compiling futures-core v0.3.21
[INFO] [stderr]    Compiling serde_json v1.0.79
[INFO] [stderr]     Checking bytes v1.1.0
[INFO] [stderr]     Checking percent-encoding v2.1.0
[INFO] [stderr]     Checking bitmaps v2.1.0
[INFO] [stderr]     Checking futures-sink v0.3.21
[INFO] [stderr]    Compiling parking_lot_core v0.9.2
[INFO] [stderr]     Checking regex-syntax v0.6.25
[INFO] [stderr]     Checking aho-corasick v0.7.18
[INFO] [stderr]     Checking slab v0.4.5
[INFO] [stderr]    Compiling futures-task v0.3.21
[INFO] [stderr]    Compiling futures-channel v0.3.21
[INFO] [stderr]    Compiling num-integer v0.1.44
[INFO] [stderr]    Compiling jobserver v0.1.24
[INFO] [stderr]     Checking num_cpus v1.13.1
[INFO] [stderr]     Checking getrandom v0.2.3
[INFO] [stderr]     Checking memmap2 v0.5.3
[INFO] [stderr]    Compiling cc v1.0.72
[INFO] [stderr]     Checking rand_core v0.5.1
[INFO] [stderr]     Checking futures-io v0.3.21
[INFO] [stderr]    Compiling futures-util v0.3.21
[INFO] [stderr]     Checking futures v0.1.31
[INFO] [stderr]     Checking rand_chacha v0.2.2
[INFO] [stderr]     Checking rand_pcg v0.2.1
[INFO] [stderr]     Checking rand_xoshiro v0.4.0
[INFO] [stderr]     Checking parking_lot v0.12.0
[INFO] [stderr]     Checking pin-utils v0.1.0
[INFO] [stderr]     Checking hashbrown v0.11.2
[INFO] [stderr]     Checking signal-hook-registry v1.4.0
[INFO] [stderr]     Checking socket2 v0.4.4
[INFO] [stderr]     Checking sized-chunks v0.6.5
[INFO] [stderr]     Checking rand v0.7.3
[INFO] [stderr]     Checking mio v0.8.2
[INFO] [stderr]    Compiling indexmap v1.8.1
[INFO] [stderr]     Checking atty v0.2.14
[INFO] [stderr]    Compiling pkg-config v0.3.24
[INFO] [stderr]     Checking time v0.1.44
[INFO] [stderr]     Checking signature v1.4.0
[INFO] [stderr]     Checking humantime v2.1.0
[INFO] [stderr]     Checking ed25519 v1.3.0
[INFO] [stderr]     Checking tracing-core v0.1.21
[INFO] [stderr]     Checking termcolor v1.1.2
[INFO] [stderr]    Compiling solana-sdk v1.10.8
[INFO] [stderr]     Checking derivation-path v0.2.0
[INFO] [stderr]     Checking qstring v0.7.2
[INFO] [stderr]     Checking uriparse v0.6.4
[INFO] [stderr]     Checking assert_matches v1.5.0
[INFO] [stderr]     Checking rand_core v0.6.3
[INFO] [stderr]     Checking tinyvec_macros v0.1.0
[INFO] [stderr]     Checking spin v0.5.2
[INFO] [stderr]     Checking untrusted v0.7.1
[INFO] [stderr]     Checking http v0.2.6
[INFO] [stderr]    Compiling httparse v1.5.1
[INFO] [stderr]     Checking tinyvec v1.5.1
[INFO] [stderr]     Checking matches v0.1.9
[INFO] [stderr]    Compiling rustls v0.20.4
[INFO] [stderr]    Compiling openssl-src v111.18.0+1.1.1n
[INFO] [stderr]     Checking tower-service v0.3.1
[INFO] [stderr]     Checking unicode-bidi v0.3.7
[INFO] [stderr]     Checking try-lock v0.2.3
[INFO] [stderr]    Compiling anyhow v1.0.52
[INFO] [stderr]     Checking want v0.3.0
[INFO] [stderr]     Checking httpdate v1.0.2
[INFO] [stderr]     Checking itoa v0.4.8
[INFO] [stderr]     Checking static_assertions v1.1.0
[INFO] [stderr]     Checking openssl-probe v0.1.5
[INFO] [stderr]     Checking form_urlencoded v1.0.1
[INFO] [stderr]     Checking foreign-types-shared v0.1.1
[INFO] [stderr]    Compiling blake3 v1.3.1
[INFO] [stderr]    Compiling ring v0.16.20
[INFO] [stderr]    Compiling openssl v0.10.38
[INFO] [stderr]    Compiling openssl-sys v0.9.72
[INFO] [stderr]     Checking foreign-types v0.3.2
[INFO] [stderr]     Checking rand_chacha v0.3.1
[INFO] [stderr]    Compiling native-tls v0.2.10
[INFO] [stderr]     Checking mime v0.3.16
[INFO] [stderr]     Checking regex v1.5.5
[INFO] [stderr]    Compiling solana-program-runtime v1.10.8
[INFO] [stderr]     Checking rustls-pemfile v0.3.0
[INFO] [stderr]     Checking rand v0.8.5
[INFO] [stderr]     Checking libloading v0.7.3
[INFO] [stderr]     Checking unicode-normalization v0.1.19
[INFO] [stderr]    Compiling encoding_rs v0.8.30
[INFO] [stderr]     Checking ipnet v2.3.1
[INFO] [stderr]     Checking remove_dir_all v0.5.3
[INFO] [stderr]     Checking fastrand v1.7.0
[INFO] [stderr]     Checking gethostname v0.2.3
[INFO] [stderr]    Compiling solana-vote-program v1.10.8
[INFO] [stderr]     Checking unicode-width v0.1.9
[INFO] [stderr]    Compiling async-trait v0.1.53
[INFO] [stderr]    Compiling zstd-sys v2.0.1+zstd.1.5.2
[INFO] [stderr]     Checking tempfile v3.3.0
[INFO] [stderr]    Compiling bzip2-sys v0.1.11+1.0.8
[INFO] [stderr]    Compiling proc-macro2 v0.4.30
[INFO] [stderr]     Checking solana-rayon-threadlimit v1.10.8
[INFO] [stderr]    Compiling proc-macro-error-attr v1.0.4
[INFO] [stderr]    Compiling unicode-xid v0.1.0
[INFO] [stderr]    Compiling proc-macro-error v1.0.4
[INFO] [stderr]     Checking http-body v0.4.4
[INFO] [stderr]    Compiling zstd-safe v5.0.1+zstd.1.5.2
[INFO] [stderr]    Compiling syn v0.15.44
[INFO] [stderr]     Checking same-file v1.0.6
[INFO] [stderr]     Checking env_logger v0.9.0
[INFO] [stderr]     Checking walkdir v2.3.2
[INFO] [stderr]    Compiling crc32fast v1.3.0
[INFO] [stderr]     Checking idna v0.2.3
[INFO] [stderr]     Checking textwrap v0.11.0
[INFO] [stderr]     Checking nix v0.23.1
[INFO] [stderr]    Compiling solana-stake-program v1.10.8
[INFO] [stderr]     Checking solana-logger v1.10.8
[INFO] [stderr]    Compiling solana-address-lookup-table-program v1.10.8
[INFO] [stderr]     Checking adler v1.0.2
[INFO] [stderr]     Checking vec_map v0.8.2
[INFO] [stderr]     Checking ansi_term v0.12.1
[INFO] [stderr]     Checking strsim v0.8.0
[INFO] [stderr]     Checking miniz_oxide v0.5.1
[INFO] [stderr]     Checking filetime v0.2.15
[INFO] [stderr]     Checking errno v0.2.8
[INFO] [stderr]    Compiling quote v0.6.13
[INFO] [stderr]     Checking clap v2.34.0
[INFO] [stderr]     Checking xattr v0.2.2
[INFO] [stderr]    Compiling solana-runtime v1.10.8
[INFO] [stderr]     Checking num_threads v0.1.5
[INFO] [stderr]    Compiling solana-perf v1.10.8
[INFO] [stderr]     Checking url v2.2.2
[INFO] [stderr]     Checking aliasable v0.1.3
[INFO] [stderr]     Checking stable_deref_trait v1.2.0
[INFO] [stderr]     Checking tar v0.4.38
[INFO] [stderr]     Checking time v0.3.9
[INFO] [stderr]     Checking dir-diff v0.3.2
[INFO] [stderr]     Checking dashmap v4.0.2
[INFO] [stderr]     Checking Inflector v0.11.4
[INFO] [stderr]     Checking terminal_size v0.1.17
[INFO] [stderr]     Checking index_list v0.2.7
[INFO] [stderr]     Checking flate2 v1.0.23
[INFO] [stderr]     Checking symlink v0.1.0
[INFO] [stderr]    Compiling solana-version v1.10.8
[INFO] [stderr]     Checking console v0.15.0
[INFO] [stderr]    Compiling hidapi v1.4.1
[INFO] [stderr]     Checking rustls-pemfile v0.2.1
[INFO] [stderr]     Checking fxhash v0.2.1
[INFO] [stderr]     Checking rustls-native-certs v0.6.1
[INFO] [stderr]     Checking linked-hash-map v0.5.4
[INFO] [stderr]     Checking const-oid v0.7.1
[INFO] [stderr]     Checking mio v0.7.14
[INFO] [stderr]     Checking dirs-sys-next v0.1.2
[INFO] [stderr]     Checking base64ct v1.5.0
[INFO] [stderr]     Checking rustc-hash v1.1.0
[INFO] [stderr]     Checking dirs-next v2.0.0
[INFO] [stderr]     Checking der v0.5.1
[INFO] [stderr]     Checking yasna v0.5.0
[INFO] [stderr]     Checking pem v1.0.2
[INFO] [stderr]     Checking yaml-rust v0.4.5
[INFO] [stderr]     Checking utf-8 v0.7.6
[INFO] [stderr]     Checking number_prefix v0.4.0
[INFO] [stderr]     Checking histogram v0.6.9
[INFO] [stderr]     Checking event-listener v2.5.2
[INFO] [stderr]     Checking void v1.0.2
[INFO] [stderr]    Compiling synstructure v0.12.6
[INFO] [stderr]    Compiling wasm-bindgen-backend v0.2.80
[INFO] [stderr]    Compiling borsh-derive-internal v0.9.3
[INFO] [stderr]    Compiling borsh-schema-derive-internal v0.9.3
[INFO] [stderr]     Checking async-mutex v1.4.0
[INFO] [stderr]     Checking indicatif v0.16.2
[INFO] [stderr]     Checking unreachable v1.0.0
[INFO] [stderr]     Checking ascii v0.9.3
[INFO] [stderr]     Checking plain v0.2.3
[INFO] [stderr]     Checking spki v0.5.4
[INFO] [stderr]     Checking hash32 v0.1.1
[INFO] [stderr]    Compiling num-bigint v0.4.3
[INFO] [stderr]     Checking rustc-demangle v0.1.21
[INFO] [stderr]     Checking combine v3.8.1
[INFO] [stderr]     Checking thread_local v1.1.4
[INFO] [stderr]     Checking sharded-slab v0.1.4
[INFO] [stderr]     Checking wait-timeout v0.2.0
[INFO] [stderr]     Checking bit-vec v0.6.3
[INFO] [stderr]     Checking quick-error v1.2.3
[INFO] [stderr]     Checking rand_xorshift v0.3.0
[INFO] [stderr]     Checking quick-error v2.0.1
[INFO] [stderr]     Checking rusty-fork v0.3.0
[INFO] [stderr]     Checking hex v0.4.3
[INFO] [stderr]     Checking bit-set v0.5.2
[INFO] [stderr]     Checking instant v0.1.12
[INFO] [stderr]    Compiling parking_lot_core v0.8.5
[INFO] [stderr]     Checking proptest v1.0.0
[INFO] [stderr]    Compiling wasm-bindgen-macro-support v0.2.80
[INFO] [stderr]     Checking webpki v0.22.0
[INFO] [stderr]     Checking sct v0.7.0
[INFO] [stderr]     Checking rcgen v0.9.2
[INFO] [stderr]     Checking uint v0.9.1
[INFO] [stderr]     Checking tracing-subscriber v0.2.25
[INFO] [stderr]     Checking webpki-roots v0.22.1
[INFO] [stderr]     Checking parking_lot v0.11.2
[INFO] [stderr]    Compiling proc-macro-hack v0.5.19
[INFO] [stderr]    Compiling dlopen_derive v0.1.4
[INFO] [stderr]    Compiling which v4.2.5
[INFO] [stderr]    Compiling cmake v0.1.48
[INFO] [stderr]    Compiling fixedbitset v0.4.1
[INFO] [stderr]     Checking dlopen v0.1.8
[INFO] [stderr]    Compiling prost-build v0.10.0
[INFO] [stderr]    Compiling heck v0.4.0
[INFO] [stderr]    Compiling multimap v0.8.3
[INFO] [stderr]    Compiling prettyplease v0.1.9
[INFO] [stderr]    Compiling standback v0.2.17
[INFO] [stderr]    Compiling glob v0.3.0
[INFO] [stderr]    Compiling minimal-lexical v0.2.1
[INFO] [stderr]    Compiling bindgen v0.59.2
[INFO] [stderr]    Compiling spl-token-2022-test v0.0.1 (/opt/rustwide/workdir/token/program-2022-test)
[INFO] [stderr]     Checking tower-layer v0.3.1
[INFO] [stderr]    Compiling thiserror-impl v1.0.30
[INFO] [stderr]    Compiling zeroize_derive v1.2.2
[INFO] [stderr]    Compiling bytemuck_derive v1.1.0
[INFO] [stderr]    Compiling wasm-bindgen-macro v0.2.80
[INFO] [stderr]    Compiling num-derive v0.3.3
[INFO] [stderr]    Compiling solana-sdk-macro v1.10.8
[INFO] [stderr]    Compiling futures-macro v0.3.21
[INFO] [stderr]    Compiling tokio-macros v1.7.0
[INFO] [stderr]    Compiling tracing-attributes v0.1.18
[INFO] [stderr]    Compiling derivative v2.2.0
[INFO] [stderr]     Checking zeroize v1.3.0
[INFO] [stderr]    Compiling enum-iterator-derive v0.7.0
[INFO] [stderr]     Checking merlin v3.0.0
[INFO] [stderr]    Compiling modular-bitfield-impl v0.11.2
[INFO] [stderr]    Compiling ouroboros_macro v0.14.2
[INFO] [stderr]     Checking bytemuck v1.8.0
[INFO] [stderr]    Compiling pin-project-internal v1.0.9
[INFO] [stderr]     Checking tokio v1.17.0
[INFO] [stderr]     Checking dialoguer v0.10.0
[INFO] [stderr]     Checking pkcs8 v0.8.0
[INFO] [stderr]    Compiling scroll_derive v0.10.5
[INFO] [stderr]     Checking enum-iterator v0.7.0
[INFO] [stderr]    Compiling enum-ordinalize v3.1.10
[INFO] [stderr]    Compiling tarpc-plugins v0.12.0
[INFO] [stderr]     Checking thiserror v1.0.30
[INFO] [stderr]     Checking caps v0.5.3
[INFO] [stderr]    Compiling prost-derive v0.10.0
[INFO] [stderr]     Checking tracing v0.1.29
[INFO] [stderr]    Compiling clang-sys v1.3.1
[INFO] [stderr]     Checking quinn-proto v0.8.2
[INFO] [stderr]    Compiling nom v7.1.1
[INFO] [stderr]    Compiling const_fn v0.4.9
[INFO] [stderr]    Compiling petgraph v0.6.0
[INFO] [stderr]    Compiling educe v0.4.18
[INFO] [stderr]     Checking scroll v0.10.2
[INFO] [stderr]     Checking modular-bitfield v0.11.2
[INFO] [stderr]     Checking goblin v0.4.3
[INFO] [stderr]     Checking pin-project v1.0.9
[INFO] [stderr] warning: (not a warning)
[INFO] [stderr]    Compiling time-macros-impl v0.1.2
[INFO] [stderr]    Compiling libz-sys v1.1.5
[INFO] [stderr]    Compiling time v0.2.27
[INFO] [stderr]    Compiling peeking_take_while v0.1.2
[INFO] [stderr]    Compiling libm v0.2.2
[INFO] [stderr]     Checking ouroboros v0.14.2
[INFO] [stderr]    Compiling shlex v1.1.0
[INFO] [stderr]    Compiling lazycell v1.3.0
[INFO] [stderr]     Checking http-range-header v0.3.0
[INFO] [stderr]    Compiling async-stream-impl v0.3.3
[INFO] [stderr]     Checking sync_wrapper v0.1.1
[INFO] [stderr]     Checking matchit v0.5.0
[INFO] [stderr]     Checking time-macros v0.1.1
[INFO] [stderr]     Checking tracing-futures v0.2.5
[INFO] [stderr]    Compiling cexpr v0.6.0
[INFO] [stderr]    Compiling prost v0.10.0
[INFO] [stderr]     Checking ieee754 v0.2.6
[INFO] [stderr]     Checking simpl v0.1.0
[INFO] [stderr]     Checking fast-math v0.1.1
[INFO] [stderr]    Compiling reed-solomon-erasure v5.0.1
[INFO] [stderr]     Checking arc-swap v1.5.0
[INFO] [stderr]     Checking futures-executor v0.3.21
[INFO] [stderr]     Checking axum-core v0.2.1
[INFO] [stderr]    Compiling derive_arbitrary v1.0.2
[INFO] [stderr]    Compiling solana-ledger v1.10.8
[INFO] [stderr]     Checking prost-types v0.10.0
[INFO] [stderr]     Checking futures v0.3.21
[INFO] [stderr]     Checking opentelemetry v0.16.0
[INFO] [stderr]     Checking async-stream v0.3.3
[INFO] [stderr]    Compiling unicase v2.6.0
[INFO] [stderr]    Compiling pyo3-build-config v0.15.1
[INFO] [stderr]     Checking spin v0.9.2
[INFO] [stderr]     Checking idna v0.1.5
[INFO] [stderr]     Checking lru v0.7.5
[INFO] [stderr]     Checking tokio-util v0.7.1
[INFO] [stderr]     Checking tokio-rustls v0.23.2
[INFO] [stderr]     Checking tokio-stream v0.1.8
[INFO] [stderr]     Checking quinn-udp v0.1.1
[INFO] [stderr]     Checking tokio-util v0.6.9
[INFO] [stderr]     Checking tokio-io-timeout v1.2.0
[INFO] [stderr]     Checking tracing-opentelemetry v0.15.0
[INFO] [stderr]     Checking quinn v0.8.2
[INFO] [stderr]     Checking backoff v0.4.0
[INFO] [stderr]     Checking arbitrary v1.0.3
[INFO] [stderr]    Compiling solana-bloom v1.10.8
[INFO] [stderr]     Checking bstr v0.2.17
[INFO] [stderr]     Checking h2 v0.3.13
[INFO] [stderr]     Checking tower v0.4.12
[INFO] [stderr]     Checking solana_rbpf v0.2.24
[INFO] [stderr]     Checking percent-encoding v1.0.1
[INFO] [stderr]    Compiling convert_case v0.4.0
[INFO] [stderr]     Checking fs_extra v1.2.0
[INFO] [stderr]    Compiling ucd-trie v0.1.3
[INFO] [stderr]     Checking trees v0.4.2
[INFO] [stderr]     Checking globset v0.4.8
[INFO] [stderr]    Compiling pest v2.1.3
[INFO] [stderr]     Checking url v1.7.2
[INFO] [stderr]    Compiling tonic-build v0.7.0
[INFO] [stderr]    Compiling derive_more v0.99.17
[INFO] [stderr]     Checking sysctl v0.4.4
[INFO] [stderr]    Compiling enum_dispatch v0.3.7
[INFO] [stderr]     Checking users v0.10.0
[INFO] [stderr]     Checking tower-http v0.2.5
[INFO] [stderr]     Checking unix_socket2 v0.5.4
[INFO] [stderr]    Compiling solana-gossip v1.10.8
[INFO] [stderr]     Checking roots v0.0.7
[INFO] [stderr]     Checking cfg-if v0.1.10
[INFO] [stderr]    Compiling maplit v1.0.2
[INFO] [stderr]     Checking net2 v0.2.37
[INFO] [stderr]    Compiling serial_test_derive v0.5.1
[INFO] [stderr]    Compiling pest_meta v2.1.3
[INFO] [stderr]     Checking core_affinity v0.5.10
[INFO] [stderr]     Checking stream-cancel v0.8.1
[INFO] [stderr]    Compiling sys-info v0.9.1
[INFO] [stderr]    Compiling unindent v0.1.7
[INFO] [stderr]    Compiling solana-storage-proto v1.10.8
[INFO] [stderr]    Compiling honggfuzz v0.5.54
[INFO] [stderr]    Compiling indoc-impl v0.3.6
[INFO] [stderr]    Compiling etcd-client v0.9.0
[INFO] [stderr]    Compiling pest_generator v2.1.3
[INFO] [stderr]    Compiling solana-replica-lib v1.10.8
[INFO] [stderr]     Checking bincode v1.3.3
[INFO] [stderr]     Checking serde_bytes v0.11.5
[INFO] [stderr]     Checking chrono v0.4.19
[INFO] [stderr]     Checking crypto-common v0.1.3
[INFO] [stderr]     Checking digest v0.9.0
[INFO] [stderr]     Checking block-buffer v0.10.2
[INFO] [stderr]     Checking block-buffer v0.9.0
[INFO] [stderr]     Checking digest v0.10.3
[INFO] [stderr]    Compiling toml v0.5.8
[INFO] [stderr]     Checking crypto-mac v0.8.0
[INFO] [stderr]     Checking sha2 v0.9.8
[INFO] [stderr]     Checking curve25519-dalek v3.2.1
[INFO] [stderr]     Checking hmac v0.8.1
[INFO] [stderr]     Checking sha2 v0.10.2
[INFO] [stderr]     Checking libsecp256k1-core v0.2.2
[INFO] [stderr]     Checking sha3 v0.10.1
[INFO] [stderr]     Checking hmac-drbg v0.3.0
[INFO] [stderr]     Checking hmac v0.12.1
[INFO] [stderr]     Checking pbkdf2 v0.10.1
[INFO] [stderr]     Checking hyper v0.14.16
[INFO] [stderr]     Checking serde_urlencoded v0.7.1
[INFO] [stderr]     Checking cipher v0.3.0
[INFO] [stderr]     Checking universal-hash v0.4.1
[INFO] [stderr]     Checking aead v0.4.3
[INFO] [stderr]     Checking polyval v0.5.3
[INFO] [stderr]     Checking inout v0.1.2
[INFO] [stderr]     Checking aes v0.7.5
[INFO] [stderr]     Checking ctr v0.8.0
[INFO] [stderr]     Checking sha3 v0.9.1
[INFO] [stderr]     Checking jsonrpc-core v18.0.0
[INFO] [stderr]     Checking pbkdf2 v0.4.0
[INFO] [stderr]     Checking cipher v0.4.3
[INFO] [stderr]     Checking tiny-bip39 v0.8.2
[INFO] [stderr]     Checking rpassword v6.0.1
[INFO] [stderr]     Checking sha-1 v0.10.0
[INFO] [stderr]     Checking serde_yaml v0.8.23
[INFO] [stderr]     Checking chrono-humanize v0.2.1
[INFO] [stderr]     Checking tokio-serde v0.8.0
[INFO] [stderr]     Checking ed25519-dalek v1.0.1
[INFO] [stderr]     Checking tungstenite v0.17.2
[INFO] [stderr]     Checking sha-1 v0.9.8
[INFO] [stderr]     Checking aes-gcm-siv v0.10.3
[INFO] [stderr]     Checking serial_test v0.5.1
[INFO] [stderr]     Checking tarpc v0.27.2
[INFO] [stderr]    Compiling pest_derive v2.1.0
[INFO] [stderr]    Compiling pyo3 v0.15.1
[INFO] [stderr]     Checking ed25519-dalek-bip32 v0.2.0
[INFO] [stderr]    Compiling pyo3-macros-backend v0.15.1
[INFO] [stderr]     Checking soketto v0.7.1
[INFO] [stderr]    Compiling proc-macro-crate v0.1.5
[INFO] [stderr]    Compiling proc-macro-crate v1.1.0
[INFO] [stderr]     Checking jsonrpc-pubsub v18.0.0
[INFO] [stderr]     Checking solana-cli-config v1.10.8
[INFO] [stderr]     Checking jsonrpc-server-utils v18.0.0
[INFO] [stderr]    Compiling paste-impl v0.1.18
[INFO] [stderr]     Checking tokio-tungstenite v0.17.1
[INFO] [stderr]     Checking indoc v0.3.6
[INFO] [stderr]    Compiling solana-core v1.10.8
[INFO] [stderr]    Compiling cbindgen v0.16.0
[INFO] [stderr]    Compiling libsecp256k1-gen-genmult v0.2.1
[INFO] [stderr]    Compiling libsecp256k1-gen-ecmult v0.2.1
[INFO] [stderr]     Checking unicode-segmentation v1.8.0
[INFO] [stderr]     Checking json5 v0.4.1
[INFO] [stderr]    Compiling spl-token-cli v2.0.15 (/opt/rustwide/workdir/token/cli)
[INFO] [stderr]     Checking retain_mut v0.1.7
[INFO] [stderr]     Checking console v0.14.1
[INFO] [stderr]    Compiling borsh-derive v0.9.3
[INFO] [stderr]    Compiling num_enum_derive v0.5.5
[INFO] [stderr]    Compiling jsonrpc-derive v18.0.0
[INFO] [stderr]    Compiling libsecp256k1 v0.6.0
[INFO] [stderr]     Checking heck v0.3.3
[INFO] [stderr]     Checking paste v0.1.18
[INFO] [stderr]     Checking jsonrpc-client-transports v18.0.0
[INFO] [stderr] warning: (not a warning)
[INFO] [stderr] warning: (not a warning)
[INFO] [stderr] warning: (not a warning)
[INFO] [stderr]     Checking jsonrpc-core-client v18.0.0
[INFO] [stderr]    Compiling librocksdb-sys v0.6.1+6.28.2
[INFO] [stderr]     Checking bzip2 v0.4.3
[INFO] [stderr]     Checking borsh v0.9.3
[INFO] [stderr]     Checking num_enum v0.5.5
[INFO] [stderr]    Compiling pyo3-macros v0.15.1
[INFO] [stderr]     Checking hyper-rustls v0.23.0
[INFO] [stderr]     Checking hyper-timeout v0.4.1
[INFO] [stderr]     Checking axum v0.5.1
[INFO] [stderr]     Checking jsonrpc-http-server v18.0.0
[INFO] [stderr]     Checking tonic v0.7.1
[INFO] [stderr] error: could not compile `libsecp256k1` (lib)
[INFO] [stderr] 
[INFO] [stderr] Caused by:
[INFO] [stderr]   process didn't exit successfully: `/opt/rustwide/rustup-home/toolchains/e6e4f7ed1589e03bc2f6c5931c1a72e7947e8682/bin/rustc --crate-name libsecp256k1 --edition=2018 /opt/rustwide/cargo-home/registry/src/index.crates.io-6f17d22bba15001f/libsecp256k1-0.6.0/src/lib.rs --error-format=json --json=diagnostic-rendered-ansi,artifacts,future-incompat --crate-type lib --emit=dep-info,metadata -C embed-bitcode=no -C split-debuginfo=unpacked -C debuginfo=2 --cfg 'feature="default"' --cfg 'feature="hmac"' --cfg 'feature="hmac-drbg"' --cfg 'feature="sha2"' --cfg 'feature="static-context"' --cfg 'feature="std"' --cfg 'feature="typenum"' -C metadata=d55f1afcb0f1ffd4 -C extra-filename=-d55f1afcb0f1ffd4 --out-dir /opt/rustwide/target/debug/deps -L dependency=/opt/rustwide/target/debug/deps --extern arrayref=/opt/rustwide/target/debug/deps/libarrayref-777ae1e119475354.rmeta --extern base64=/opt/rustwide/target/debug/deps/libbase64-360d23a7e49efbe6.rmeta --extern digest=/opt/rustwide/target/debug/deps/libdigest-565ac4a0c2b3f69e.rmeta --extern hmac_drbg=/opt/rustwide/target/debug/deps/libhmac_drbg-86002f0fb87cdaae.rmeta --extern libsecp256k1_core=/opt/rustwide/target/debug/deps/liblibsecp256k1_core-62a4d9d3caca79af.rmeta --extern rand=/opt/rustwide/target/debug/deps/librand-4eeb21ebb3cfc46f.rmeta --extern serde=/opt/rustwide/target/debug/deps/libserde-1d8db3c26565cfc4.rmeta --extern sha2=/opt/rustwide/target/debug/deps/libsha2-fe67b644794e2a01.rmeta --extern typenum=/opt/rustwide/target/debug/deps/libtypenum-4c12996f247a6935.rmeta --cap-lints allow --cap-lints=forbid` (signal: 9, SIGKILL: kill)
[INFO] [stderr] warning: build failed, waiting for other jobs to finish...
[INFO] [stderr] error: could not compile `pyo3` (lib)
[INFO] [stderr] 
[INFO] [stderr] Caused by:
[INFO] [stderr]   process didn't exit successfully: `/opt/rustwide/rustup-home/toolchains/e6e4f7ed1589e03bc2f6c5931c1a72e7947e8682/bin/rustc --crate-name pyo3 --edition=2018 /opt/rustwide/cargo-home/registry/src/index.crates.io-6f17d22bba15001f/pyo3-0.15.1/src/lib.rs --error-format=json --json=diagnostic-rendered-ansi,artifacts,future-incompat --crate-type lib --emit=dep-info,metadata -C embed-bitcode=no -C split-debuginfo=unpacked -C debuginfo=2 --cfg 'feature="auto-initialize"' --cfg 'feature="default"' --cfg 'feature="indoc"' --cfg 'feature="macros"' --cfg 'feature="paste"' --cfg 'feature="pyo3-macros"' --cfg 'feature="unindent"' -C metadata=98f1a875106c3495 -C extra-filename=-98f1a875106c3495 --out-dir /opt/rustwide/target/debug/deps -L dependency=/opt/rustwide/target/debug/deps --extern cfg_if=/opt/rustwide/target/debug/deps/libcfg_if-df1872c92f62b005.rmeta --extern indoc=/opt/rustwide/target/debug/deps/libindoc-9888e33f8fceb8fb.rmeta --extern libc=/opt/rustwide/target/debug/deps/liblibc-3cd05a968ebaaffa.rmeta --extern parking_lot=/opt/rustwide/target/debug/deps/libparking_lot-8a1363c7798866e0.rmeta --extern paste=/opt/rustwide/target/debug/deps/libpaste-f37c106a15d956fb.rmeta --extern pyo3_macros=/opt/rustwide/target/debug/deps/libpyo3_macros-34804babc213e2ce.so --extern unindent=/opt/rustwide/target/debug/deps/libunindent-e2f209b1cdf9867a.rmeta --cap-lints allow --cap-lints=forbid -L native=/usr/lib/x86_64-linux-gnu -l python3.10 --cfg Py_3_6 --cfg Py_3_7 --cfg Py_3_8 --cfg Py_3_9 --cfg Py_3_10 --cfg 'py_sys_config="WITH_THREAD"' --cfg track_caller --cfg min_const_generics --cfg addr_of` (signal: 9, SIGKILL: kill)
[INFO] [stderr] error: could not compile `cbindgen` (lib)
[INFO] [stderr] 
[INFO] [stderr] Caused by:
[INFO] [stderr]   process didn't exit successfully: `/opt/rustwide/rustup-home/toolchains/e6e4f7ed1589e03bc2f6c5931c1a72e7947e8682/bin/rustc --crate-name cbindgen --edition=2018 /opt/rustwide/cargo-home/registry/src/index.crates.io-6f17d22bba15001f/cbindgen-0.16.0/src/lib.rs --error-format=json --json=diagnostic-rendered-ansi,artifacts,future-incompat --crate-type lib --emit=dep-info,metadata -C embed-bitcode=no -C split-debuginfo=unpacked -C debuginfo=2 --cfg 'feature="clap"' --cfg 'feature="default"' -C metadata=7806787c550e9648 -C extra-filename=-7806787c550e9648 --out-dir /opt/rustwide/target/debug/deps -L dependency=/opt/rustwide/target/debug/deps --extern clap=/opt/rustwide/target/debug/deps/libclap-59559b6f7d419901.rmeta --extern heck=/opt/rustwide/target/debug/deps/libheck-d552d5d33866d8fa.rmeta --extern indexmap=/opt/rustwide/target/debug/deps/libindexmap-81e755d601b3f9e5.rmeta --extern log=/opt/rustwide/target/debug/deps/liblog-71d0e4b0cf92fff3.rmeta --extern proc_macro2=/opt/rustwide/target/debug/deps/libproc_macro2-b96db97b91509ada.rmeta --extern quote=/opt/rustwide/target/debug/deps/libquote-1c67eee1c080a4ad.rmeta --extern serde=/opt/rustwide/target/debug/deps/libserde-1d8db3c26565cfc4.rmeta --extern serde_json=/opt/rustwide/target/debug/deps/libserde_json-36cea5e88cab5e40.rmeta --extern syn=/opt/rustwide/target/debug/deps/libsyn-296992a4d2eb0877.rmeta --extern tempfile=/opt/rustwide/target/debug/deps/libtempfile-403cfe89de9a92d7.rmeta --extern toml=/opt/rustwide/target/debug/deps/libtoml-58258f2178ecfaa0.rmeta --cap-lints allow --cap-lints=forbid` (signal: 9, SIGKILL: kill)
[INFO] [stderr] The following warnings were emitted during compilation:
[INFO] [stderr] 
[INFO] [stderr] warning: c++: fatal error: Killed signal terminated program cc1plus
[INFO] [stderr] warning: compilation terminated.
[INFO] [stderr] warning: c++: fatal error: Killed signal terminated program cc1plus
[INFO] [stderr] warning: compilation terminated.
[INFO] [stderr] warning: c++: fatal error: Killed signal terminated program cc1plus
[INFO] [stderr] warning: compilation terminated.
[INFO] [stderr] 
[INFO] [stderr] error: failed to run custom build command for `librocksdb-sys v0.6.1+6.28.2`
[INFO] [stderr] note: To improve backtraces for build dependencies, set the CARGO_PROFILE_DEV_BUILD_OVERRIDE_DEBUG=true environment variable to enable debug information generation.
[INFO] [stderr] 
[INFO] [stderr] Caused by:
[INFO] [stderr]   process didn't exit successfully: `/opt/rustwide/target/debug/build/librocksdb-sys-8c135e6f8f9320ee/build-script-build` (exit status: 1)
[INFO] [stderr]   --- stdout
[INFO] [stderr]   cargo:rerun-if-changed=rocksdb/
[INFO] [stderr]   TARGET = Some("x86_64-unknown-linux-gnu")
[INFO] [stderr]   OPT_LEVEL = Some("0")
[INFO] [stderr]   HOST = Some("x86_64-unknown-linux-gnu")
[INFO] [stderr]   CXX_x86_64-unknown-linux-gnu = None
[INFO] [stderr]   CXX_x86_64_unknown_linux_gnu = None
[INFO] [stderr]   HOST_CXX = None
[INFO] [stderr]   CXX = None
[INFO] [stderr]   CXXFLAGS_x86_64-unknown-linux-gnu = None
[INFO] [stderr]   CXXFLAGS_x86_64_unknown_linux_gnu = None
[INFO] [stderr]   HOST_CXXFLAGS = None
[INFO] [stderr]   CXXFLAGS = None
[INFO] [stderr]   CRATE_CC_NO_DEFAULTS = None
[INFO] [stderr]   DEBUG = Some("true")
[INFO] [stderr]   CARGO_CFG_TARGET_FEATURE = Some("fxsr,sse,sse2")
[INFO] [stderr]   CXX_x86_64-unknown-linux-gnu = None
[INFO] [stderr]   CXX_x86_64_unknown_linux_gnu = None
[INFO] [stderr]   HOST_CXX = None
[INFO] [stderr]   CXX = None
[INFO] [stderr]   CXXFLAGS_x86_64-unknown-linux-gnu = None
[INFO] [stderr]   CXXFLAGS_x86_64_unknown_linux_gnu = None
[INFO] [stderr]   HOST_CXXFLAGS = None
[INFO] [stderr]   CXXFLAGS = None
[INFO] [stderr]   CRATE_CC_NO_DEFAULTS = None
[INFO] [stderr]   CARGO_CFG_TARGET_FEATURE = Some("fxsr,sse,sse2")
[INFO] [stderr]   running: "c++" "-O0" "-ffunction-sections" "-fdata-sections" "-fPIC" "-g" "-fno-omit-frame-pointer" "-m64" "-I" "rocksdb/include/" "-I" "rocksdb/" "-I" "rocksdb/third-party/gtest-1.8.1/fused-src/" "-I" "lz4/lib/" "-I" "." "-Wall" "-Wextra" "-std=c++11" "-Wno-unused-parameter" "-msse2" "-DLZ4=1" "-DNDEBUG=1" "-DOS_LINUX" "-DROCKSDB_PLATFORM_POSIX" "-DROCKSDB_LIB_IO_POSIX" "-DROCKSDB_SUPPORT_THREAD_LOCAL" "-o" "/opt/rustwide/target/debug/build/librocksdb-sys-38604f7a553331d9/out/rocksdb/cache/cache.o" "-c" "rocksdb/cache/cache.cc"
[INFO] [stderr]   running: "c++" "-O0" "-ffunction-sections" "-fdata-sections" "-fPIC" "-g" "-fno-omit-frame-pointer" "-m64" "-I" "rocksdb/include/" "-I" "rocksdb/" "-I" "rocksdb/third-party/gtest-1.8.1/fused-src/" "-I" "lz4/lib/" "-I" "." "-Wall" "-Wextra" "-std=c++11" "-Wno-unused-parameter" "-msse2" "-DLZ4=1" "-DNDEBUG=1" "-DOS_LINUX" "-DROCKSDB_PLATFORM_POSIX" "-DROCKSDB_LIB_IO_POSIX" "-DROCKSDB_SUPPORT_THREAD_LOCAL" "-o" "/opt/rustwide/target/debug/build/librocksdb-sys-38604f7a553331d9/out/rocksdb/cache/cache_entry_roles.o" "-c" "rocksdb/cache/cache_entry_roles.cc"
[INFO] [stderr]   running: "c++" "-O0" "-ffunction-sections" "-fdata-sections" "-fPIC" "-g" "-fno-omit-frame-pointer" "-m64" "-I" "rocksdb/include/" "-I" "rocksdb/" "-I" "rocksdb/third-party/gtest-1.8.1/fused-src/" "-I" "lz4/lib/" "-I" "." "-Wall" "-Wextra" "-std=c++11" "-Wno-unused-parameter" "-msse2" "-DLZ4=1" "-DNDEBUG=1" "-DOS_LINUX" "-DROCKSDB_PLATFORM_POSIX" "-DROCKSDB_LIB_IO_POSIX" "-DROCKSDB_SUPPORT_THREAD_LOCAL" "-o" "/opt/rustwide/target/debug/build/librocksdb-sys-38604f7a553331d9/out/rocksdb/cache/cache_key.o" "-c" "rocksdb/cache/cache_key.cc"
[INFO] [stderr]   running: "c++" "-O0" "-ffunction-sections" "-fdata-sections" "-fPIC" "-g" "-fno-omit-frame-pointer" "-m64" "-I" "rocksdb/include/" "-I" "rocksdb/" "-I" "rocksdb/third-party/gtest-1.8.1/fused-src/" "-I" "lz4/lib/" "-I" "." "-Wall" "-Wextra" "-std=c++11" "-Wno-unused-parameter" "-msse2" "-DLZ4=1" "-DNDEBUG=1" "-DOS_LINUX" "-DROCKSDB_PLATFORM_POSIX" "-DROCKSDB_LIB_IO_POSIX" "-DROCKSDB_SUPPORT_THREAD_LOCAL" "-o" "/opt/rustwide/target/debug/build/librocksdb-sys-38604f7a553331d9/out/rocksdb/cache/cache_reservation_manager.o" "-c" "rocksdb/cache/cache_reservation_manager.cc"
[INFO] [stderr]   running: "c++" "-O0" "-ffunction-sections" "-fdata-sections" "-fPIC" "-g" "-fno-omit-frame-pointer" "-m64" "-I" "rocksdb/include/" "-I" "rocksdb/" "-I" "rocksdb/third-party/gtest-1.8.1/fused-src/" "-I" "lz4/lib/" "-I" "." "-Wall" "-Wextra" "-std=c++11" "-Wno-unused-parameter" "-msse2" "-DLZ4=1" "-DNDEBUG=1" "-DOS_LINUX" "-DROCKSDB_PLATFORM_POSIX" "-DROCKSDB_LIB_IO_POSIX" "-DROCKSDB_SUPPORT_THREAD_LOCAL" "-o" "/opt/rustwide/target/debug/build/librocksdb-sys-38604f7a553331d9/out/rocksdb/cache/clock_cache.o" "-c" "rocksdb/cache/clock_cache.cc"
[INFO] [stderr]   running: "c++" "-O0" "-ffunction-sections" "-fdata-sections" "-fPIC" "-g" "-fno-omit-frame-pointer" "-m64" "-I" "rocksdb/include/" "-I" "rocksdb/" "-I" "rocksdb/third-party/gtest-1.8.1/fused-src/" "-I" "lz4/lib/" "-I" "." "-Wall" "-Wextra" "-std=c++11" "-Wno-unused-parameter" "-msse2" "-DLZ4=1" "-DNDEBUG=1" "-DOS_LINUX" "-DROCKSDB_PLATFORM_POSIX" "-DROCKSDB_LIB_IO_POSIX" "-DROCKSDB_SUPPORT_THREAD_LOCAL" "-o" "/opt/rustwide/target/debug/build/librocksdb-sys-38604f7a553331d9/out/rocksdb/cache/lru_cache.o" "-c" "rocksdb/cache/lru_cache.cc"
[INFO] [stderr]   running: "c++" "-O0" "-ffunction-sections" "-fdata-sections" "-fPIC" "-g" "-fno-omit-frame-pointer" "-m64" "-I" "rocksdb/include/" "-I" "rocksdb/" "-I" "rocksdb/third-party/gtest-1.8.1/fused-src/" "-I" "lz4/lib/" "-I" "." "-Wall" "-Wextra" "-std=c++11" "-Wno-unused-parameter" "-msse2" "-DLZ4=1" "-DNDEBUG=1" "-DOS_LINUX" "-DROCKSDB_PLATFORM_POSIX" "-DROCKSDB_LIB_IO_POSIX" "-DROCKSDB_SUPPORT_THREAD_LOCAL" "-o" "/opt/rustwide/target/debug/build/librocksdb-sys-38604f7a553331d9/out/rocksdb/cache/sharded_cache.o" "-c" "rocksdb/cache/sharded_cache.cc"
[INFO] [stderr]   running: "c++" "-O0" "-ffunction-sections" "-fdata-sections" "-fPIC" "-g" "-fno-omit-frame-pointer" "-m64" "-I" "rocksdb/include/" "-I" "rocksdb/" "-I" "rocksdb/third-party/gtest-1.8.1/fused-src/" "-I" "lz4/lib/" "-I" "." "-Wall" "-Wextra" "-std=c++11" "-Wno-unused-parameter" "-msse2" "-DLZ4=1" "-DNDEBUG=1" "-DOS_LINUX" "-DROCKSDB_PLATFORM_POSIX" "-DROCKSDB_LIB_IO_POSIX" "-DROCKSDB_SUPPORT_THREAD_LOCAL" "-o" "/opt/rustwide/target/debug/build/librocksdb-sys-38604f7a553331d9/out/rocksdb/db/arena_wrapped_db_iter.o" "-c" "rocksdb/db/arena_wrapped_db_iter.cc"
[INFO] [stderr]   running: "c++" "-O0" "-ffunction-sections" "-fdata-sections" "-fPIC" "-g" "-fno-omit-frame-pointer" "-m64" "-I" "rocksdb/include/" "-I" "rocksdb/" "-I" "rocksdb/third-party/gtest-1.8.1/fused-src/" "-I" "lz4/lib/" "-I" "." "-Wall" "-Wextra" "-std=c++11" "-Wno-unused-parameter" "-msse2" "-DLZ4=1" "-DNDEBUG=1" "-DOS_LINUX" "-DROCKSDB_PLATFORM_POSIX" "-DROCKSDB_LIB_IO_POSIX" "-DROCKSDB_SUPPORT_THREAD_LOCAL" "-o" "/opt/rustwide/target/debug/build/librocksdb-sys-38604f7a553331d9/out/rocksdb/db/blob/blob_fetcher.o" "-c" "rocksdb/db/blob/blob_fetcher.cc"
[INFO] [stderr]   exit status: 0
[INFO] [stderr]   running: "c++" "-O0" "-ffunction-sections" "-fdata-sections" "-fPIC" "-g" "-fno-omit-frame-pointer" "-m64" "-I" "rocksdb/include/" "-I" "rocksdb/" "-I" "rocksdb/third-party/gtest-1.8.1/fused-src/" "-I" "lz4/lib/" "-I" "." "-Wall" "-Wextra" "-std=c++11" "-Wno-unused-parameter" "-msse2" "-DLZ4=1" "-DNDEBUG=1" "-DOS_LINUX" "-DROCKSDB_PLATFORM_POSIX" "-DROCKSDB_LIB_IO_POSIX" "-DROCKSDB_SUPPORT_THREAD_LOCAL" "-o" "/opt/rustwide/target/debug/build/librocksdb-sys-38604f7a553331d9/out/rocksdb/db/blob/blob_file_addition.o" "-c" "rocksdb/db/blob/blob_file_addition.cc"
[INFO] [stderr]   exit status: 0
[INFO] [stderr]   running: "c++" "-O0" "-ffunction-sections" "-fdata-sections" "-fPIC" "-g" "-fno-omit-frame-pointer" "-m64" "-I" "rocksdb/include/" "-I" "rocksdb/" "-I" "rocksdb/third-party/gtest-1.8.1/fused-src/" "-I" "lz4/lib/" "-I" "." "-Wall" "-Wextra" "-std=c++11" "-Wno-unused-parameter" "-msse2" "-DLZ4=1" "-DNDEBUG=1" "-DOS_LINUX" "-DROCKSDB_PLATFORM_POSIX" "-DROCKSDB_LIB_IO_POSIX" "-DROCKSDB_SUPPORT_THREAD_LOCAL" "-o" "/opt/rustwide/target/debug/build/librocksdb-sys-38604f7a553331d9/out/rocksdb/db/blob/blob_file_builder.o" "-c" "rocksdb/db/blob/blob_file_builder.cc"
[INFO] [stderr]   running: "c++" "-O0" "-ffunction-sections" "-fdata-sections" "-fPIC" "-g" "-fno-omit-frame-pointer" "-m64" "-I" "rocksdb/include/" "-I" "rocksdb/" "-I" "rocksdb/third-party/gtest-1.8.1/fused-src/" "-I" "lz4/lib/" "-I" "." "-Wall" "-Wextra" "-std=c++11" "-Wno-unused-parameter" "-msse2" "-DLZ4=1" "-DNDEBUG=1" "-DOS_LINUX" "-DROCKSDB_PLATFORM_POSIX" "-DROCKSDB_LIB_IO_POSIX" "-DROCKSDB_SUPPORT_THREAD_LOCAL" "-o" "/opt/rustwide/target/debug/build/librocksdb-sys-38604f7a553331d9/out/rocksdb/db/blob/blob_file_cache.o" "-c" "rocksdb/db/blob/blob_file_cache.cc"
[INFO] [stderr]   exit status: 0
[INFO] [stderr]   running: "c++" "-O0" "-ffunction-sections" "-fdata-sections" "-fPIC" "-g" "-fno-omit-frame-pointer" "-m64" "-I" "rocksdb/include/" "-I" "rocksdb/" "-I" "rocksdb/third-party/gtest-1.8.1/fused-src/" "-I" "lz4/lib/" "-I" "." "-Wall" "-Wextra" "-std=c++11" "-Wno-unused-parameter" "-msse2" "-DLZ4=1" "-DNDEBUG=1" "-DOS_LINUX" "-DROCKSDB_PLATFORM_POSIX" "-DROCKSDB_LIB_IO_POSIX" "-DROCKSDB_SUPPORT_THREAD_LOCAL" "-o" "/opt/rustwide/target/debug/build/librocksdb-sys-38604f7a553331d9/out/rocksdb/db/blob/blob_file_garbage.o" "-c" "rocksdb/db/blob/blob_file_garbage.cc"
[INFO] [stderr]   cargo:warning=c++: fatal error: Killed signal terminated program cc1plus
[INFO] [stderr]   cargo:warning=compilation terminated.
[INFO] [stderr]   exit status: 1
[INFO] [stderr]   exit status: 0
[INFO] [stderr]   running: "c++" "-O0" "-ffunction-sections" "-fdata-sections" "-fPIC" "-g" "-fno-omit-frame-pointer" "-m64" "-I" "rocksdb/include/" "-I" "rocksdb/" "-I" "rocksdb/third-party/gtest-1.8.1/fused-src/" "-I" "lz4/lib/" "-I" "." "-Wall" "-Wextra" "-std=c++11" "-Wno-unused-parameter" "-msse2" "-DLZ4=1" "-DNDEBUG=1" "-DOS_LINUX" "-DROCKSDB_PLATFORM_POSIX" "-DROCKSDB_LIB_IO_POSIX" "-DROCKSDB_SUPPORT_THREAD_LOCAL" "-o" "/opt/rustwide/target/debug/build/librocksdb-sys-38604f7a553331d9/out/rocksdb/db/blob/blob_file_meta.o" "-c" "rocksdb/db/blob/blob_file_meta.cc"
[INFO] [stderr]   cargo:warning=c++: fatal error: Killed signal terminated program cc1plus
[INFO] [stderr]   cargo:warning=compilation terminated.
[INFO] [stderr]   exit status: 1
[INFO] [stderr]   exit status: 0
[INFO] [stderr]   exit status: 0
[INFO] [stderr]   exit status: 0
[INFO] [stderr]   cargo:warning=c++: fatal error: Killed signal terminated program cc1plus
[INFO] [stderr]   cargo:warning=compilation terminated.
[INFO] [stderr]   exit status: 1
[INFO] [stderr]   exit status: 0
[INFO] [stderr]   exit status: 0
[INFO] [stderr]   exit status: 0
[INFO] [stderr]   exit status: 0
[INFO] [stderr] 
[INFO] [stderr]   --- stderr
[INFO] [stderr]   error: 'rustfmt' is not installed for the toolchain 'e6e4f7ed1589e03bc2f6c5931c1a72e7947e8682'
[INFO] [stderr]   note: this is a custom toolchain, which cannot use `rustup component add`
[INFO] [stderr]   help: if you built this toolchain from source, and used `rustup toolchain link`, then you may be able to build the component with `x.py`
[INFO] [stderr]   Failed to run rustfmt: Internal rustfmt error (non-fatal, continuing)
[INFO] [stderr] 
[INFO] [stderr] 
[INFO] [stderr]   error occurred: Command "c++" "-O0" "-ffunction-sections" "-fdata-sections" "-fPIC" "-g" "-fno-omit-frame-pointer" "-m64" "-I" "rocksdb/include/" "-I" "rocksdb/" "-I" "rocksdb/third-party/gtest-1.8.1/fused-src/" "-I" "lz4/lib/" "-I" "." "-Wall" "-Wextra" "-std=c++11" "-Wno-unused-parameter" "-msse2" "-DLZ4=1" "-DNDEBUG=1" "-DOS_LINUX" "-DROCKSDB_PLATFORM_POSIX" "-DROCKSDB_LIB_IO_POSIX" "-DROCKSDB_SUPPORT_THREAD_LOCAL" "-o" "/opt/rustwide/target/debug/build/librocksdb-sys-38604f7a553331d9/out/rocksdb/cache/cache.o" "-c" "rocksdb/cache/cache.cc" with args "c++" did not execute successfully (status code exit status: 1).
[INFO] [stderr] 
[INFO] [stderr] 
[INFO] running `Command { std: "docker" "inspect" "ce99c4d4d5af4254537621dca614eef3ea0f9031a24e37f7ddc6029ab5c38480", kill_on_drop: false }`
[INFO] running `Command { std: "docker" "rm" "-f" "ce99c4d4d5af4254537621dca614eef3ea0f9031a24e37f7ddc6029ab5c38480", kill_on_drop: false }`
[INFO] [stdout] ce99c4d4d5af4254537621dca614eef3ea0f9031a24e37f7ddc6029ab5c38480
